 12
b015b0
Convert -21466321 (base 7) to base 8.
-7032415
Convert -115598 (base 10) to base 15.
-243b8
1010110111111010101011 (base 2) to base 8
12677253
What is 67ee4b (base 15) in base 3?
100100001100022
359016 (base 13) to base 16
137a3c
Convert -23cb5 (base 13) to base 8.
-200541
-7a86 (base 13) to base 11
-119a8
Convert 15363503 (base 8) to base 3.
20122110211110
-5025516 (base 8) to base 14
-2659ca
What is 1d69b2 (base 14) in base 6?
34343040
What is -2030121001 (base 4) in base 12?
-238941
Convert -1022002102020 (base 3) to base 2.
-10101000100111101010
What is -ad319 (base 14) in base 12?
-18338b
Convert -2aa6321 (base 11) to base 5.
-2324332124
Convert 56bcbe (base 16) to base 13.
1240478
What is 212012221020201 (base 3) in base 11?
6a6921a
What is 4441142 (base 6) in base 9?
370138
-523916 (base 10) to base 16
-7fe8c
10000111000000000110 (base 2) to base 14
105738
2100114 (base 5) to base 3
1202012102
Convert -24704 (base 10) to base 2.
-110000010000000
What is 2214051 (base 7) in base 2?
1000010100101010001
What is 21341331 (base 5) in base 2?
101100111010011110
Convert -12210210110120 (base 3) to base 12.
-1049bb0
Convert 2c87e (base 16) to base 15.
3909d
Convert 9c99 (base 16) to base 7.
224610
What is -214012242 (base 6) in base 16?
-3a67a2
Convert -174a22 (base 12) to base 4.
-1202032322
-35904 (base 14) to base 16
-1feb0
-41c2a (base 13) to base 14
-31289
What is 64782 (base 10) in base 9?
107770
308bb8 (base 14) to base 4
12033311232
What is -28517 (base 11) in base 12?
-1b575
-393484 (base 13) to base 3
-2121000200021
What is -2334254 (base 6) in base 8?
-355232
What is -21021112201222 (base 3) in base 13?
-a55b28
What is -164075 (base 9) in base 16?
-18c17
What is 152665 (base 9) in base 11?
64575
Convert -176637 (base 9) to base 2.
-11010110100101110
What is 114256 (base 13) in base 15?
81301
Convert 525234 (base 12) to base 16.
13c108
Convert -134044433 (base 7) to base 2.
-100001010000001110100110
-401173 (base 8) to base 3
-20200200001
What is -161106000 (base 7) in base 9?
-22355183
-13c554 (base 15) to base 8
-3505172
-10034103034 (base 5) to base 13
-2115932
Convert -1101111110001 (base 3) to base 4.
-2310030121
What is -2512531 (base 6) in base 15?
-29b14
What is -432456 (base 8) in base 12?
-6b892
What is -221022011011 (base 3) in base 15?
-9c864
2220244013 (base 5) to base 16
4a0d10
33022234 (base 5) to base 2
1000101000011000011
Convert 1011101010001110000 (base 2) to base 4.
1131101300
What is -2431522 (base 6) in base 16?
-1f6ca
25871 (base 10) to base 16
650f
What is 5434442 (base 6) in base 15?
54bdb
Convert 1f05c (base 16) to base 12.
61650
Convert 1545410 (base 6) to base 4.
112130232
Convert 1706e3 (base 15) to base 9.
2078826
What is 1443542 (base 6) in base 4?
110131112
Convert -26c50e (base 16) to base 12.
-a26466
100000011100100110 (base 2) to base 4
200130212
What is 19a9 (base 14) in base 9?
6344
1499 (base 10) to base 13
8b4
Convert 803cc4 (base 13) to base 12.
bb8043
574342 (base 8) to base 11
123389
What is 10121002011 (base 4) in base 15?
17b109
What is -10781295 (base 10) in base 14?
-1609087
-63862 (base 11) to base 15
-1c7ba
10444343044 (base 5) to base 2
101100101100001101000111
What is 411b7a (base 14) in base 12?
89a114
What is -1655352 (base 9) in base 12?
-385a0b
What is 26a2434 (base 11) in base 12?
1688239
Convert 23021103233 (base 4) to base 8.
13112357
Convert -33d00c (base 16) to base 4.
-30331000030
What is -2121120011 (base 3) in base 13?
-1a54b
Convert 240212114 (base 5) to base 7.
12233435
Convert 110000110001011100110 (base 2) to base 16.
1862e6
Convert 220210232002 (base 4) to base 3.
202000101001221
970d (base 14) to base 7
136016
2734042 (base 8) to base 16
bb822
591084 (base 14) to base 5
1234201344
2477072 (base 10) to base 16
25cc10
Convert 4581163 (base 11) to base 3.
120001221212011
Convert 142499 (base 11) to base 14.
5b313
-1b513 (base 16) to base 10
-111891
What is -926a8 (base 15) in base 8?
-1612013
Convert 226230 (base 8) to base 9.
126502
What is -1011110111110011001 (base 2) in base 14?
-a1aad
Convert -10111020021 (base 3) to base 8.
-206127
-1202001322 (base 4) to base 5
-100322110
What is 24640016 (base 9) in base 10?
12072255
Convert 11334712 (base 8) to base 16.
25b9ca
What is -3877565 (base 9) in base 8?
-10051101
Convert 11011101111101000 (base 2) to base 3.
12202212220
-210202210101 (base 3) to base 11
-272a36
Convert -32311101 (base 4) to base 14.
-181d7
Convert -821053 (base 10) to base 4.
-3020130331
-22221030 (base 5) to base 11
-123680
What is 10121102120212 (base 3) in base 5?
442331243
What is 2ca64 (base 15) in base 2?
100011001011011110
What is -92a2 (base 16) in base 4?
-21022202
Convert -1361713 (base 8) to base 13.
-1068cc
42227d (base 15) to base 12
1078784
31141112 (base 5) to base 2
111110011100100110
4140412 (base 6) to base 9
333878
Convert -7d0cb (base 16) to base 4.
-1331003023
1001001011101010001100 (base 2) to base 7
26313434
What is 32301012 (base 4) in base 6?
1144010
-4a934 (base 13) to base 3
-20222222220
Convert -5c9217 (base 14) to base 10.
-3175221
Convert -51817 (base 14) to base 12.
-957b9
What is 223730 (base 9) in base 6?
2512213
111c659 (base 13) to base 16
502be3
What is 18e64 (base 15) in base 5?
10041434
What is 3124721 (base 11) in base 7?
64562445
-d974d6 (base 14) to base 7
-116352556
What is -34443625 (base 7) in base 16?
-2e1287
What is 1543059 (base 10) in base 8?
5705623
What is 20100100202 (base 3) in base 8?
363772
Convert -395161 (base 12) to base 13.
-26c9aa
2771 (base 15) to base 9
12507
What is 2cc89 (base 16) in base 11?
1158a8
What is 31203110 (base 6) in base 5?
212341311
-11001101010001010011010 (base 2) to base 3
-110122201202011
Convert 10110101011001111001 (base 2) to base 13.
200285
176611 (base 9) to base 13
3acc9
Convert -5307e6 (base 16) to base 15.
-727475
What is 220021220102 (base 3) in base 12?
1b0862
What is 1a3270 (base 13) in base 7?
5433431
Convert -18d628 (base 15) to base 4.
-10213110212
What is 1010000213331 (base 4) in base 15?
1872719
4d90a6 (base 14) to base 4
22031031122
211020223132 (base 4) to base 15
cc461d
Convert -312112 (base 13) to base 12.
-47394a
-2339630 (base 10) to base 14
-44c8c6
8b44b (base 13) to base 12
102782
What is -159b461 (base 12) in base 10?
-4436425
Convert -233203203 (base 4) to base 5.
-22213122
What is -10120202 (base 5) in base 14?
-22128
What is 2343203 (base 5) in base 15?
cd88
-101011101000110111100111 (base 2) to base 13
-24a6bb7
576938 (base 11) to base 2
11011111110101111010
What is -120001121211012 (base 3) in base 4?
-132201333221
What is -163b04 (base 13) in base 16?
-868c9
What is -506b1 (base 14) in base 5?
-22142121
What is a3413 (base 12) in base 13?
76020
112414010 (base 5) to base 6
15001530
31441115 (base 7) to base 2
1010001010110000101010
What is 1111100101000110110 (base 2) in base 15?
a13e8
Convert 1000111001111000111100 (base 2) to base 16.
239e3c
Convert 420000310 (base 6) to base 7.
115602654
Convert -240432423 (base 5) to base 6.
-35431520
-1100100110100001011011 (base 2) to base 3
-20012211120102
-55086 (base 9) to base 6
-441040
What is -16d82 (base 16) in base 8?
-266602
Convert -27491 (base 16) to base 15.
-32a28
What is -1114050 (base 8) in base 2?
-1001001100000101000
Convert -2a832 (base 14) to base 11.
-72609
Convert -10013203 (base 5) to base 4.
-103111022
Convert 312112123 (base 4) to base 2.
110110010110011011
-215510 (base 8) to base 3
-10200110221
What is -22073c (base 13) in base 2?
-11000011100010101110
What is 323202 (base 5) in base 8?
25454
1525613 (base 7) to base 4
302321321
What is -9078698 (base 10) in base 13?
-1b5b415
10044441 (base 5) to base 9
133403
Convert 22412400 (base 6) to base 4.
2213201100
Convert -22021021203 (base 4) to base 2.
-1010001001001001100011
-1113422310 (base 5) to base 8
-11361216
-301825 (base 11) to base 8
-1664147
-620665 (base 7) to base 16
-19e01
150a0 (base 13) to base 4
21223330
Convert -1578685 (base 10) to base 9.
-2865484
What is -ebcd5 (base 15) in base 11?
-471625
-90005 (base 10) to base 6
-1532405
318219 (base 12) to base 7
6433014
What is 6626046 (base 7) in base 16?
c6a3e
5745367 (base 10) to base 2
10101111010101011010111
What is -111183 (base 10) in base 7?
-64210